?
5
What is the tens digit of 1619?
1
What is the units digit of 44412?
2
What is the hundreds digit of 6098?
0
What is the hundreds digit of 2764?
7
What is the units digit of 21916?
6
What is the hundreds digit of 120658?
6
What is the units digit of 38574?
4
What is the thousands digit of 29664?
9
What is the units digit of 1127?
7
What is the tens digit of 69?
6
What is the units digit of 611?
1
What is the units digit of 19364?
4
What is the units digit of 109656?
6
What is the thousands digit of 82272?
2
What is the ten thousands digit of 52019?
5
What is the hundreds digit of 5206?
2
What is the thousands digit of 1342?
1
What is the tens digit of 1061?
6
What is the tens digit of 1754?
5
What is the thousands digit of 1704?
1
What is the units digit of 9692?
2
What is the hundreds digit of 705?
7
What is the units digit of 2763?
3
What is the units digit of 1166?
6
What is the tens digit of 131052?
5
What is the units digit of 1269?
9
What is the units digit of 6395?
5
What is the hundreds digit of 634?
6
What is the tens digit of 2632?
3
What is the hundreds digit of 166?
1
What is the units digit of 6868?
8
What is the tens digit of 47794?
9
What is the hundreds digit of 3048?
0
What is the units digit of 18002?
2
What is the tens digit of 1032?
3
What is the thousands digit of 113038?
3
What is the hundreds digit of 69437?
4
What is the hundreds digit of 19508?
5
What is the tens digit of 1867?
6
What is the tens digit of 14985?
8
What is the tens digit of 8109?
0
What is the tens digit of 64557?
5
What is the ten thousands digit of 79739?
7
What is the thousands digit of 31157?
1
What is the tens digit of 4753?
5
What is the hundreds digit of 48840?
8
What is the hundreds digit of 8309?
3
What is the thousands digit of 49110?
9
What is the hundreds digit of 3364?
3
What is the units digit of 60?
0
What is the units digit of 11695?
5
What is the units digit of 589?
9
What is the thousands digit of 7440?
7
What is the units digit of 19997?
7
What is the hundreds digit of 1752?
7
What is the hundreds digit of 5939?
9
What is the units digit of 16955?
5
What is the tens digit of 43500?
0
What is the tens digit of 2572?
7
What is the ten thousands digit of 22417?
2
What is the hundreds digit of 721?
7
What is the tens digit of 5315?
1
What is the units digit of 2312?
2
What is the thousands digit of 3802?
3
What is the tens digit of 2113?
1
What is the units digit of 1720?
0
What is the units digit of 1421?
1
What is the thousands digit of 78420?
8
What is the hundreds digit of 11975?
9
What is the units digit of 419?
9
What is the tens digit of 1961?
6
What is the ten thousands digit of 128490?
2
What is the thousands digit of 2340?
2
What is the tens digit of 477?
7
What is the hundreds digit of 67339?
3
What is the tens digit of 1929?
2
What is the tens digit of 4045?
4
What is the units digit of 149?
9
What is the hundreds digit of 737?
7
What is the units digit of 11229?
9
What is the units digit of 28851?
1
What is the units digit of 3859?
9
What is the tens digit of 10512?
1
What is the hundreds digit of 81981?
9
What is the units digit of 813?
3
What is the hundreds digit of 1571?
5
What is the hundreds digit of 8202?
2
What is the hundreds digit of 64515?
5
What is the units digit of 296?
6
What is the hundreds digit of 1870?
8
What is the tens digit of 547?
4
What is the tens digit of 253?
5
What is the ten thousands digit of 40277?
4
What is the hundreds digit of 4237?
2
What is the units digit of 6511?
1
What is the tens digit of 651?
5
What is the thousands digit of 14764?
4
What is the hundreds digit of 37557?
5
What is the hundreds digit of 305?
3
What is the units digit of 9122?
2
What is the tens digit of 26650?
5
What is the hundreds digit of 846?
8
What is the tens digit of 18891?
9
What is the units digit of 3035?
5
What is the units digit of 188?
8
What is the hundreds digit of 3820?
8
What is the thousands digit of 7173?
7
What is the units digit of 60386?
6
What is the hundreds digit of 7948?
9
What is the ten thousands digit of 22700?
2
What is the units digit of 3554?
4
What is the units digit of 1942?
2
What is the units digit of 8365?
5
What is the units digit of 7767?
7
What is the units digit of 76880?
0
What is the thousands digit of 167869?
7
What is the hundreds digit of 7612?
6
What is the hundreds digit of 2147?
1
What is the tens digit of 5860?
6
What is the hundreds digit of 19286?
2
What is the tens digit of 5552?
5
What is the tens digit of 1181?
8
What is the thousands digit of 56746?
6
What is the tens digit of 930?
3
What is the hundreds digit of 73968?
9
What is the units digit of 7530?
0
What is the thousands digit of 1274?
1
What is the tens digit of 83?
8
What is the thousands digit of 1211?
1
What is the hundreds digit of 201?
2
What is the ten thousands digit of 78424?
7
What is the hundreds digit of 52728?
7
What is the tens digit of 80907?
0
What is the thousands digit of 1814?
1
What is the thousands digit of 52062?
2
What is the ten thousands digit of 28887?
2
What is the units digit of 11584?
4
What is the hundreds digit of 292?
2
What is the units digit of 1516?
6
What is the units digit of 72809?
9
What is the hundreds digit of 1358?
3
What is the tens digit of 3371?
7
What is the hundreds digit of 177908?
9
What is the tens digit of 8228?
2
What is the tens digit of 5051?
5
What is the units digit of 3669?
9
What is the tens digit of 3552?
5
What is the units digit of 141?
1
What is the hundreds digit of 383?
3
What is the units digit of 4857?
7
What is the thousands digit of 12340?
2
What is the units digit of 3258?
8
What is the tens digit of 3648?
4
What is the thousands digit of 43507?
3
What is the thousands digit of 2796?
2
What is the tens digit of 1680?
8
What is the tens digit of 3097?
9
What is the hundreds digit of 966?
9
What is the hundreds digit of 9530?
5
What is the units digit of 29204?
4
What is the units digit of 1142?
2
What is the ten thousands digit of 160957?
6
What is the tens digit of 1373?
7
What is the units digit of 67637?
7
What is the ten thousands digit of 32390?
3
What is the hundreds digit of 110657?
6
What is the hundreds digit of 2453?
4
What is the units digit of 1254?
4
What is the units digit of 3501?
1
What is the thousands digit of 1036?
1
What is the units digit of 4393?
3
What is the thousands digit of 1700?
1
What is the ten thousands digit of 33437?
3
What is the units digit of 16483?
3
What is the hundreds digit of 1549?
5
What is the hundreds digit of 47061?
0
What is the units digit of 11574?
4
What is the thousands digit of 1655?
1
What is the ten thousands digit of 72683?
7
What is the hundreds digit of 6902?
9
What is the hundreds digit of 7829?
8
What is the thousands digit of 2466?
2
What is the units digit of 4628?
8
What is the units digit of 8692?
2
What is the thousands digit of 75717?
5
What is the units digit of 100876?
6
What is the units digit of 4766?
6
What is the ten thousands digit of 62670?
6
What is the units digit of 5630?
0
What is the hundreds digit of 43274?
2
What is the units digit of 97163?
3
What is the hundreds digit of 9531?
5
What is the tens digit of 20?
2
What is the tens digit of 128123?
2
What is the hundred thousands digit of 150784?
1
What is the thousands digit of 155356?
5
What is the hundreds digit of 1144?
1
What is the tens digit of 914?
1
What is the hundreds digit of 132277?
2
What is the tens digit of 943?
4
What is the thousands digit of 1488?
1
What is the hundreds digit of 163605?
6
What is the units digit of 19514?
4
What is the hundreds digit of 3501?
5
What is the tens digit of 656?
5
What is the thousands digit of 1420?
1
What is the hundreds digit of 600?
6
What is the thousands digit of 1854?
1
What is the units digit of 1640?
0
What is the hundreds digit of 4705?
7
What is the hundreds digit of 7997?
9
What is the hundreds digit of 3402?
4
What is the units digit of 24269?
9
What is the hundreds digit of 234?
2
What is the thousands digit of 3161?
3
What is the tens digit of 8820?
2
What is the hundreds digit of 990?
9
What is the tens digit of 893?
9
What is the units digit of 2189?
9
What is the hundreds digit of 29369?
3
What is the tens digit of 340?
4
What is the thousands 